{"id":286,"date":"2016-10-31T13:17:59","date_gmt":"2016-10-31T16:17:59","guid":{"rendered":"https:\/\/isnsvce-cba.infd.edu.ar\/sitio\/?page_id=286"},"modified":"2025-12-14T20:48:24","modified_gmt":"2025-12-14T23:48:24","slug":"inicio","status":"publish","type":"page","link":"https:\/\/isnsvce-cba.infd.edu.ar\/sitio\/","title":{"rendered":"Inicio"},"content":{"rendered":"<p style=\"text-align: left;\">\u00a0<\/p>\n<p><img decoding=\"async\" loading=\"lazy\" class=\"wp-image-906  alignleft\" src=\"https:\/\/isnsvce-cba.infd.edu.ar\/sitio\/wp-content\/uploads\/2025\/12\/WhatsApp-Image-2025-12-14-at-19.42.02.jpeg\" alt=\"\" width=\"311\" height=\"215\" \/><\/p>\n<p><img decoding=\"async\" loading=\"lazy\" class=\"wp-image-907 alignleft\" src=\"https:\/\/isnsvce-cba.infd.edu.ar\/sitio\/wp-content\/uploads\/2025\/12\/WhatsApp-Image-2025-12-14-at-19.41.36.jpeg\" alt=\"\" width=\"370\" height=\"210\" \/><\/p>\n<p><img decoding=\"async\" loading=\"lazy\" class=\"wp-image-908 alignleft\" src=\"https:\/\/isnsvce-cba.infd.edu.ar\/sitio\/wp-content\/uploads\/2025\/12\/WhatsApp-Image-2025-12-14-at-19.40.29.jpeg\" alt=\"\" width=\"306\" height=\"209\" \/><\/p>\n<h4>\u00a0<\/h4>\n<p>&nbsp;<\/p>\n<h5>\u00a0<\/h5>\n<p>&nbsp;<\/p>\n<p>&nbsp;<\/p>\n<p>&nbsp;<\/p>\n<p><span style=\"color: #99cc00;\"><strong>(EEDI) Profesorado de Educaci\u00f3n Especial. Orientaci\u00f3n en Discapacidad Intelectual.<\/strong><\/span><\/p>\n<p><span style=\"color: #0000ff;\"><strong>(EESEH) Profesorado de Educaci\u00f3n Especial. Orientaci\u00f3n en Sordos e Hipoac\u00fasicos.<\/strong><\/span><\/p>\n<p><span style=\"color: #ff00ff;\"><strong>\u00a0(ESE) Profesorado de Educaci\u00f3n Secundaria en Econom\u00eda. <\/strong><\/span><\/p>\n<p>&nbsp;<\/p>\n","protected":false},"excerpt":{"rendered":"<p>\u00a0 \u00a0 &nbsp; \u00a0 &nbsp; &nbsp; &nbsp; (EEDI) Profesorado de Educaci\u00f3n Especial. Orientaci\u00f3n en Discapacidad Intelectual. (EESEH) Profesorado de Educaci\u00f3n Especial. Orientaci\u00f3n en Sordos e Hipoac\u00fasicos. \u00a0(ESE) Profesorado de Educaci\u00f3n Secundaria en Econom\u00eda. &nbsp;<\/p>\n","protected":false},"author":1,"featured_media":0,"parent":0,"menu_order":0,"comment_status":"closed","ping_status":"closed","template":"","meta":[],"acf":[],"_links":{"self":[{"href":"https:\/\/isnsvce-cba.infd.edu.ar\/sitio\/wp-json\/wp\/v2\/pages\/286"}],"collection":[{"href":"https:\/\/isnsvce-cba.infd.edu.ar\/sitio\/wp-json\/wp\/v2\/pages"}],"about":[{"href":"https:\/\/isnsvce-cba.infd.edu.ar\/sitio\/wp-json\/wp\/v2\/types\/page"}],"author":[{"embeddable":true,"href":"https:\/\/isnsvce-cba.infd.edu.ar\/sitio\/wp-json\/wp\/v2\/users\/1"}],"replies":[{"embeddable":true,"href":"https:\/\/isnsvce-cba.infd.edu.ar\/sitio\/wp-json\/wp\/v2\/comments?post=286"}],"version-history":[{"count":99,"href":"https:\/\/isnsvce-cba.infd.edu.ar\/sitio\/wp-json\/wp\/v2\/pages\/286\/revisions"}],"predecessor-version":[{"id":930,"href":"https:\/\/isnsvce-cba.infd.edu.ar\/sitio\/wp-json\/wp\/v2\/pages\/286\/revisions\/930"}],"wp:attachment":[{"href":"https:\/\/isnsvce-cba.infd.edu.ar\/sitio\/wp-json\/wp\/v2\/media?parent=286"}],"curies":[{"name":"wp","href":"https:\/\/api.w.org\/{rel}","templated":true}]}}